{"id":310,"date":"2019-05-07T13:56:14","date_gmt":"2019-05-07T11:56:14","guid":{"rendered":"https:\/\/taichi-inpact.fr\/?page_id=310"},"modified":"2019-05-07T14:03:37","modified_gmt":"2019-05-07T12:03:37","slug":"carnet-de-voyage-a-taipei","status":"publish","type":"page","link":"https:\/\/taichi-inpact.fr\/index.php\/moments-vecus\/carnet-de-voyage-a-taipei\/","title":{"rendered":"Carnet de voyage \u00e0 Taipei"},"content":{"rendered":"<figure id=\"attachment_311\" aria-describedby=\"caption-attachment-311\" style=\"width: 256px\" class=\"wp-caption aligncenter\"><img loading=\"lazy\" decoding=\"async\" class=\"size-full wp-image-311\" src=\"https:\/\/taichi-inpact.fr\/wp-content\/uploads\/2019\/05\/taiwan1.jpg\" alt=\"Christian Bernapel et nos amis Chinois\" width=\"256\" height=\"194\" \/><figcaption id=\"caption-attachment-311\" class=\"wp-caption-text\">Christian Bernapel et nos amis Chinois<\/figcaption><\/figure>\n<p class=\"gras\">Et l\u00e0-bas, quelle heure est-il ?<\/p>\n<p class=\"discret\">Carnet de voyage \u00e0 Taipei<\/p>\n<p>\u00ab Nous nous blessons et nous affinons au contact des \u00eatres \u00bb (Tchouang Tseu).<\/p>\n<p>Ce mardi 28 f\u00e9vrier, journ\u00e9e nationale du souvenir (*) \u00e0 Taiwan, la pluie n&rsquo;a cess\u00e9 de tomber. Au matin, la derni\u00e8re visite au Ma\u00eetre \u00e9tait toute de douceur, d&rsquo;\u00e9coute, de complicit\u00e9.<\/p>\n<p>Entre humour et souvenirs \u00e9voqu\u00e9s autour de la bonne ch\u00e8re et des vins de France jusqu&rsquo;aux baisers sur les joues (\u00ab vous avez cette belle tradition en France et c&rsquo;est tellement mieux que de se serrer la main ! \u00bb) \u00e0 la s\u00e9paration, nos \u00e9changes \u00e9taient empreints de sourires, de regards profonds et d&rsquo;\u00e9motion.<\/p>\n<p>Et puis il fut temps de se quitter&#8230;<\/p>\n<p>\u2026 Atterrissage \u00e0 Hong Kong quelques heures avant de conclure le voyage vers Taiwan, comme une longue m\u00e9ditation. Derri\u00e0re l&rsquo;aile de l&rsquo;avion, le soleil s&rsquo;\u00e9bat dans la mer en reflets mordor\u00e9s et scintillants : c&rsquo;est au cr\u00e9puscule que les couleurs se r\u00e9v\u00e8lent les plus profondes.<\/p>\n<p>Sous les ombres et lumi\u00e8res de la f\u00eate des lanternes, ce 15 f\u00e9vrier 2006 je pris pied sur la \u00ab Belle \u00cele \u00bb, l&rsquo;Ilha Formosa, baptis\u00e9e si justement par les conquistadors portugais. Ce s\u00e9jour sur la terre de notre \u00e9cole, je l&rsquo;imaginais sous trois \u00e9toiles : celle du retour aux sources culturelles et initiatiques de la Chine myst\u00e9rieuse et secr\u00e8te ; celle des retrouvailles avec le ma\u00eetre que je pressentais \u00e9mouvante ; celle de la rencontre avec ceux qui l&rsquo;ont c\u00f4toy\u00e9 de pr\u00e8s ou de loin sur place, taiwanais et occidentaux.<\/p>\n<p>Manuel Solnon et George Lin (Lin Chin-tai), mon \u00ab grand fr\u00e8re \u00bb Chinois m&rsquo;ont accueilli chaleureusement \u00e0 l&rsquo;a\u00e9roport.<\/p>\n<p class=\"gras\">Taipei<\/p>\n<p>Taiwan la belle, terre des dragons, des tigres et des ph\u0153nix qui envahit nos sens de ses couleurs chatoyantes ; ses odeurs infinies piquantes et suaves ; ses sons surprenants s&rsquo;\u00e9levant du grondement de la ville, perc\u00e9e par un tintement de clochettes au d\u00e9tour d&rsquo;un chemin dans la montagne ; sa cuisine savoureuse et foisonnante de mets raffin\u00e9s, piquants, fumants, doux, color\u00e9s odorants ainsi que la douceur de la moiteur ambiante qui nourrit la peau et la rend toute\u2026 velout\u00e9e ! La gentillesse accueillante et naturelle des Taiwanais qui portent en eux le bonheur multiculturel et la conscience de b\u00e9n\u00e9ficier de la terre protectrice d&rsquo;une \u00eele s\u00e9par\u00e9e du grand continent par la mer de Chine.<\/p>\n<p>Taiwan est aussi terre d&rsquo;\u00e9nergie et de puissance travers\u00e9e par les vents hurlants et sifflants des typhons et \u00e9branl\u00e9e par les redoutables soubresauts du grand dragon fouillant la terre et serpentant sous les montagnes qu&rsquo;il d\u00e9place quand sa col\u00e8re gronde. Terre de douceurs, bienfait de ses eaux thermales dans lesquelles on se plonge avec d\u00e9lectation enivr\u00e9 par les vapeurs soufr\u00e9es d&rsquo;abord surprenantes puis simplement odorantes quand on s&rsquo;y abandonne. D\u00e9licatesse de ses th\u00e9s multiples l\u00e9gers et puissants qui \u00e9closent au printemps dans la montagne et se bonifient avec le temps qui passe, comme nos vins de terroir. Oolong et Puer se c\u00f4toient et se d\u00e9gustent tour \u00e0 tour au gr\u00e9 du jour et du soir avec le bonheur de leurs couleurs limpides qui varient du jaune pur au rouge profond. Vari\u00e9t\u00e9 des encens, aussi, aux multiples dosages de bois de santal ou d&rsquo;alo\u00e8s qui r\u00e9pandent dans l&rsquo;espace leurs agiles serpents de fum\u00e9e. Th\u00e9 et encens \u00e9veillent nos sens assoupis et apportent leurs bienfaits \u00e0 qui sait s&rsquo;\u00e9veiller \u00e0 leurs d\u00e9licates subtilit\u00e9s.<\/p>\n<p>Taipei, ville \u00e0 la fois tr\u00e9pidante et sereine ou chacun respecte l&rsquo;\u00ab autre \u00bb. Sagesse ou pragmatisme oriental dans lequel travail et loisirs n&rsquo;ont pas de fronti\u00e8re et sont int\u00e9gr\u00e9s dans un m\u00eame \u00e9lan : celui de la vie.<\/p>\n<p>Marcher dans la cit\u00e9, d\u00e9couvrir au d\u00e9tour d&rsquo;une rue un th\u00e9\u00e2tre traditionnel o\u00f9 l&rsquo;op\u00e9ra Taiwanais r\u00e9pand \u00e0 tue t\u00eate ses m\u00e9lodies suaves et stridentes, cris et chuchotements, miaulements et grognements, aux oreilles et regards captiv\u00e9s des spectateurs et des passants. La sc\u00e8ne est inond\u00e9e de couleurs chatoyantes et une intrigue interminable \u00e0 ne pas dormir debout (!) dans laquelle des guerriers redoutables charment les courtisanes timides et malicieuses \u00e0 la barbe de leur p\u00e8re mandarin et de l&rsquo;\u00e9pouse indign\u00e9e ou flatt\u00e9e (qui sait !). Je doute avoir vraiment tout compris\u2026 Mais comme il est fascinant d&rsquo;observer le badaud spectateur autant que de suivre les acteurs grima\u00e7ants qui \u00e9voluent sur les planches et d&rsquo;entendre les musiciens tirant de leurs instruments des airs lancinants, grin\u00e7ants ou sirupeux. Le tout sur fond odorant de brochettes grill\u00e9es et de soupes fumantes aromatis\u00e9es aux herbes myst\u00e9rieuses. Le spectacle est ici vivant !<\/p>\n<p>Fl\u00e2ner autour des \u00e9choppes aux herbes et \u00e9pices multicolores, l\u00e9gumes, fruits, v\u00e9g\u00e9taux luxuriants qui d\u00e9bordent des \u00e9talages entourant, comme au temps de notre moyen \u00e2ge, les lieus o\u00f9 l&rsquo;on se recueille et prie. Ici, la vie c\u00f4toie le spirituel et y est \u00e9troitement li\u00e9e.<\/p>\n<p>Entrer dans les temples et d\u00e9couvrir la simplicit\u00e9 dans laquelle bouddhistes, tao\u00efstes, confucianistes et animistes insulaires se c\u00f4toient. Du chatoiement des religions locales aux multiples divinit\u00e9s, \u00e0 la rigueur min\u00e9rale du temple de Confucius, l&rsquo;on est stup\u00e9fait devant ce foisonnement spirituel.<\/p>\n<p>Dans l&rsquo;enceinte du temple qui prot\u00e8ge de la ville tr\u00e9pidante, rencontre d&rsquo;une chanteuse d&rsquo;airs taiwanais traditionnels qui me d\u00e9die son r\u00e9cital pendant que se d\u00e9roulent les lents mouvements gracieux d&rsquo;une dame digne et concentr\u00e9e.<\/p>\n<p>La spiritualit\u00e9 vivante contraste avec la rigidit\u00e9 de nos offices, et s&rsquo;exprime jour et nuit, \u00e0 travers des gestes simples, emprunts d&rsquo;humilit\u00e9, de gr\u00e2ce, de d\u00e9votion et de pri\u00e8res ferventes. Quel contraste saisissant avec nos \u00e9glises mus\u00e9es. Ici encore, odeurs, sons, couleurs, saveurs, sollicitent nos sens en d\u00e9sordre dans un luxuriant apaisement : paradoxe ! On se sent nourri de partout : l&rsquo;\u00e2me est sollicit\u00e9e par les sens qui s&rsquo;\u00e9veillent, se rel\u00e2chent, acceptent et s&rsquo;ouvrent \u00e0 la spiritualit\u00e9. Ici la dualit\u00e9 n&rsquo;a pas corps !<\/p>\n<p>Danshui, la ville portuaire sous la pluie battante, le grand port du nord de Taiwan. Imaginez toutes ces denr\u00e9es exotiques qui viennent inonder le monde entier \u00e0 des prix d\u00e9fiant toute concurrence. Et pourtant la Chine du continent menace car elle \u00ab casse les prix \u00bb de la belle Ile qui d\u00e9j\u00e0 produit le luxe ! Il faut entendre les commer\u00e7ants locaux se moquer de la \u00ab camelote \u00bb du continent !<\/p>\n<p>Enfin, harass\u00e9 par la fatigue d&rsquo;une longue journ\u00e9e au r\u00e9veil matinal, voil\u00e0 la d\u00e9couverte d&rsquo;une boutique de th\u00e9 aux mille tasses et th\u00e9i\u00e8res. Mais laquelle choisir ? C&rsquo;est corn\u00e9lien ! Et tous ces th\u00e9s aux ar\u00f4mes subtils que l&rsquo;on vous fait go\u00fbter avec dext\u00e9rit\u00e9 et \u00e9l\u00e9gance : lu cha, bao zhong, gao san, dong ding, ti kuan yin, puer, et autres appellations d&rsquo;alishan, \u2026 du plus vert au plus ferment\u00e9 l&rsquo;art du th\u00e9 est une histoire avec un d\u00e9but : le th\u00e9 vert, mais sans fin\u2026<\/p>\n<p>On les aura d\u00e9gust\u00e9 parfois en se laissant entra\u00eener dans un massage des pieds qui vous fait tout \u00e0 coup suer toutes les eaux de votre corps ! Heureusement il y a l&rsquo;\u00e9ventail qui rafra\u00eechit, le th\u00e9 qui apaise et les sourires \u00e9panouis qui vous accompagnent avec bienveillance et malice quand le massage devient trop insistant ou m\u00eame insupportable pour nos pauvres pieds d&rsquo;occidentaux !<\/p>\n<p class=\"gras\">Wang Yen-Nien &#8211; Visite au Ma\u00eetre<\/p>\n<p>George Lin et Manuel m&rsquo;ont tous deux accompagn\u00e9, tour \u00e0 tour ou ensemble avec Cici, l&rsquo;\u00e9pouse de Manuel, lors de mes visites \u00e0 Ma\u00eetre Wang. Ainsi, j&rsquo;ai pu le rencontrer \u00e0 trois reprises \u00e0 \u00ab l&rsquo;h\u00f4pital des v\u00e9t\u00e9rans \u00bb dans lequel il est soign\u00e9 : dialyse tous les deux jours, observation et suivi de son \u00e9tat.<\/p>\n<p>\u00c0 notre premi\u00e8re rencontre, il m&rsquo;a gentiment grond\u00e9 car je ne lui avais pas apport\u00e9 de \u00ab pizza alsacienne \u00bb (la tarte flamb\u00e9e !) ni de g\u00e2teaux et de chocolat. La cuisine fran\u00e7aise reste l&rsquo;un de ses souvenirs imp\u00e9rissables\u2026 ainsi que certains paysages de ses voyages en France et en Europe. Il m&rsquo;a assur\u00e9 que si je l&rsquo;invitais, il viendrait volontiers !<\/p>\n<p>Nos \u00e9changes \u00e9taient simples, chaleureux et familiers ponctu\u00e9s par de longs silences pendant lesquels nos mains continuaient \u00e0 se parler intimement. Malgr\u00e9 un \u00e9tat de faiblesse important, ses propos se voulaient joyeux et l\u00e9gers comme pour soutenir la volont\u00e9 farouche d&rsquo;affronter la douleur physique et la gravit\u00e9 de son \u00e9tat par une dignit\u00e9 empreinte de s\u00e9r\u00e9nit\u00e9 et de douceur.<\/p>\n<p>J&rsquo;ai \u00e9t\u00e9 impressionn\u00e9 par sa d\u00e9termination, en Ma\u00eetre d&rsquo;un art sublim\u00e9 \u00e0 son ultime r\u00e9alit\u00e9 ; comme pour se jouer de la maladie gr\u00e2ce \u00e0 la subtilit\u00e9 du tui shou de l&rsquo;esprit et \u00e0 la volont\u00e9 in\u00e9branlable du guerrier.<\/p>\n<p>J&rsquo;ai \u00e9t\u00e9 \u00e9mu par son bonheur juv\u00e9nile de solliciter le baiser l\u00e9ger d&rsquo;une jeune femme pr\u00e9sente \u00e0 ma derni\u00e8re visite et emport\u00e9 pr\u00e9cieusement avec moi son dernier conseil :<\/p>\n<p class=\"center\">\u00ab n&rsquo;oublie pas de rester toujours souple et l\u00e9ger (\u00ab\u00a0song\u00a0\u00bb) \u00bb.<\/p>\n<p class=\"gras\">Yangjia Michuan Taiji quan<\/p>\n<p>J&rsquo;ai souhait\u00e9 rencontrer les acteurs principaux du Yangjia Michuan \u00e0 Taipei.<\/p>\n<p>Ainsi, je me suis rendu au daoguan o\u00f9 j&rsquo;ai pu partager un soir de pratique, avec Julia Fairchild, la ma\u00eetresse des lieux et un groupe s\u00e9rieux et attentif d&rsquo;une petite dizaine de pratiquants. Forme guid\u00e9e par le rythme de la cassette audio de Ma\u00eetre Wang et exercices d&rsquo;applications comment\u00e9s par Julia. Un moment agr\u00e9able et convivial pendant lequel j&rsquo;ai go\u00fbt\u00e9 \u00e0 l&rsquo;ambiance du lieu.<\/p>\n<p>J&rsquo;ai \u00e9galement pass\u00e9 un long moment \u00e0 \u00e9changer avec Julia et Anne Dourday qui sont en charge de la responsabilit\u00e9 du Daoguan mais aussi d&rsquo;une partie de la lourde t\u00e2che d&rsquo;accompagnement de Ma\u00eetre Wang entre ses s\u00e9jours \u00e0 l&rsquo;h\u00f4pital et son domicile.<\/p>\n<p>A ma demande, Julia m&rsquo;a fait part de son regard sur la situation associative locale. En r\u00e9sum\u00e9, trois associations sont concern\u00e9es directement par le Yangjia Michuan :<\/p>\n<p>La plus ancienne est l&rsquo;\u00ab Association de Taiji quan de Taipei \u00bb. Cr\u00e9\u00e9e par Ma\u00eetre Wang, c&rsquo;est l&rsquo;association historique de l&rsquo;\u00e9cole de Ma\u00eetre Wang \u00e0 Taipei. Celle que l&rsquo;on voyait appara\u00eetre, il y a longtemps, dans nos relations avec lui. Elle est pr\u00e9sid\u00e9e actuellement par M. Li Chin Zhuan. Son r\u00f4le n&rsquo;est pas pr\u00e9pond\u00e9rant pour l&rsquo;avenir. La seconde s&rsquo;appelle \u00ab Association Nationale de Taiji quan de la famille Yang (Yang Family) \u00bb de Taiwan. Elle a \u00e9t\u00e9 cr\u00e9\u00e9e en 1996 par Ma\u00eetre Wang qui en a tenu la pr\u00e9sidence pendant 2 mandats, c&rsquo;est \u00e0 dire 8 ans. Sa vocation est de regrouper et de repr\u00e9senter l&rsquo;ensemble des associations taiwannaises pratiquant le Yangjia Michuan Taiji quan et les styles de la famille Yang.<\/p>\n<p>Pourquoi cette association ne mentionne t&rsquo;elle pas l&rsquo;appellation \u00ab Yangjia Michuan Taiji quan \u00bb \u00e0 sa cr\u00e9ation ? Parce-que, \u00e0 cette \u00e9poque, les autorit\u00e9s officielles de Taiwan n&rsquo;ont pas voulu reconna\u00eetre la d\u00e9nomination \u00ab Yangjia Michuan \u00bb dans le cadre d&rsquo;un style sp\u00e9cifique de taiji quan de la famille Yang. Par contre \u00ab famille Yang \u00bb convenait. Aujourd&rsquo;hui, c&rsquo;est Lin Chin-Tai (George Lin) qui en assure le 3\u00e8me mandat de pr\u00e9sident, la r\u00e8gle associative Taiwanaise n&rsquo;autorisant pas plus de 2 mandats successifs \u00e0 la pr\u00e9sidence d&rsquo;une association.<\/p>\n<p>La troisi\u00e8me porte le nom de \u00ab Association Nationale du Yangjia Michuan Taiji quan de Taiwan \u00bb. Cr\u00e9\u00e9e fin 2005, pr\u00e9sid\u00e9e par Ma\u00eetre Wang Yen-Nien et vice pr\u00e9sid\u00e9 par Monsieur Yue et Julia Fairchild.<\/p>\n<p>Pourquoi voit on appara\u00eetre l&rsquo;appellation \u00ab Yangjia Michuan Taiji quan \u00bb ? Julia m&rsquo;a r\u00e9pondu que cela a \u00e9t\u00e9 rendu possible gr\u00e2ce au travail assidu et relationnel de M. Yue aupr\u00e8s des autorit\u00e9s Taiwanaises.<\/p>\n<p>C&rsquo;est aux c\u00f4t\u00e9s des anciens \u00e9l\u00e8ves Chinois de Ma\u00eetre Wang, introduit par George Lin (Lin Chin-Tai), que j&rsquo;ai pass\u00e9 les moments les plus conviviaux. J&rsquo;y ai ressenti la solidarit\u00e9 d&rsquo;un collectif d&rsquo;enseignants qui porte une tradition extr\u00eamement vivante du Yangjia Michuan. Chacun est g\u00e9n\u00e9ralement enseignant aupr\u00e8s de son ou de ses propres groupes et \u00e9l\u00e8ves.<\/p>\n<p>George Lin est l&rsquo;un des plus anciens \u00e9l\u00e8ves de Ma\u00eetre Wang, il a \u00e9tudi\u00e9 avec lui tr\u00e8s jeune, a \u00e9migr\u00e9 20 ans aux Etats Unis de par son m\u00e9tier puis est rentr\u00e9 \u00e0 Taiwan. Proche de Ma\u00eetre Wang, il est l&rsquo;un des meilleurs t\u00e9moins de l&rsquo;histoire du Yangjia Michuan (dont les fameuses rencontres avec Chen Man Qing). C&rsquo;est un homme d&rsquo;une grande finesse d&rsquo;esprit, modeste et accueillant, appr\u00e9ciant l&rsquo;humour et les bons mots. Sa pratique et son enseignement sont tr\u00e8s d\u00e9tendus et de grande qualit\u00e9. George m&rsquo;a fait d\u00e9couvrir l&rsquo;histoire du Yangjia Michuan depuis ses d\u00e9buts tant \u00e0 Taiwan qu&rsquo;aux \u00c9tats Unis.<\/p>\n<p>En tant que pr\u00e9sident de l&rsquo;association nationale de la famille Yang de Taiwan, il m&rsquo;a remis de nombreux documents dont la revue de l&rsquo;association qui parait depuis le d\u00e9but de son existence et a exprim\u00e9 la volont\u00e9 de d\u00e9velopper des relations fortes et concr\u00e8tes avec l&rsquo;amicale et le coll\u00e8ge en Europe. Il m&rsquo;a lou\u00e9 les qualit\u00e9s des enseignants taiwanais les plus talentueux de notre \u00e9cole.<\/p>\n<p>En ce qui concerne la \u00ab vie locale \u00bb, ind\u00e9pendamment des grandes manifestations annuelles, des anniversaires de Ma\u00eetre Wang et autres festivit\u00e9s rassemblant tous les pratiquants taiwanais du Yangjia Michuan ou de l&rsquo;ensemble des \u00e9coles Yang, les enseignants de Taipei se retrouvent chaque semaine, les samedi et dimanche matin.<\/p>\n<p>C&rsquo;est \u00e0 Yuan Shan, sur le lieu mythique du m\u00e9morial des martyrs, devant le Grand H\u00f4tel, que j&rsquo;ai v\u00e9cu les moments les plus intenses. Le groupe y perp\u00e9tue la tradition du matin lorsqu&rsquo;elle \u00e9tait dirig\u00e9e par Ma\u00eetre Wang et m&rsquo;a ainsi renvoy\u00e9 aux ann\u00e9es d&rsquo;or, lorsqu&rsquo;il conduisait l&rsquo;assembl\u00e9e avec les \u00ab Shi- ro \u00bb de sa voix inimitable et forte.<\/p>\n<p>M\u00eame si c&rsquo;est encore sa voix transpos\u00e9e par une cassette qui donne le tempo, la pratique, dont le leader change \u00e0 chaque forme, d\u00e9gage une \u00e9nergie forte et solidaire. L\u00e0 aussi, comme au daoguan, la relation au Ma\u00eetre par le son de sa voix reste indispensable dans la pratique des exercices de base et de la forme. C&rsquo;est en tous cas la marque d&rsquo;une nostalgie profonde et d&rsquo;un grand respect. Puis, les formes d&rsquo;\u00e9p\u00e9e, de perche, d&rsquo;\u00e9ventail sont d\u00e9roul\u00e9es chacunes une seule fois. La s\u00e9ance se termine par le partage enjou\u00e9 et convivial de p\u00e2t\u00e9s \u00e0 la vapeur, petits g\u00e2teaux, th\u00e9s et autres boissons chaudes pendant que les questions sur les d\u00e9tails techniques se discutent, tasse \u00e0 la main. C&rsquo;est aussi l\u00e0 que les souvenirs des rencontres lointaines renaissent : \u00ab je me souviens de toi ! \u00bb\u2026<\/p>\n<p>Le rendez-vous du dimanche matin, pr\u00e9sid\u00e9 avec noblesse par George Lin, se d\u00e9roule dans l&rsquo;aula d&rsquo;une universit\u00e9 au centre de Taipei. L&rsquo;on y retrouve cette fois des \u00e9l\u00e8ves tant chinois qu&rsquo;occidentaux pour une s\u00e9ance de tui shou dirig\u00e9e par un expert diff\u00e9rent chaque semaine. L&rsquo;ambiance est efficace mais aussi tr\u00e8s d\u00e9tendue et comme de tradition, avant de se quitter, les discussions vont bon train pendant que circulent les paquets de cacahu\u00e8tes sal\u00e9es et \u00e9pic\u00e9es.<\/p>\n<p>Chacune de ces rencontres \u00e9tait, tradition oblige, l&rsquo;occasion de multiples \u00ab photos de famille \u00bb ! J&rsquo;ai pu y constater que les anciens \u00e9l\u00e8ves chinois sont extr\u00e8mement solidaires et portent avec beaucoup de respect et d&rsquo;attention l&rsquo;enseignement et la tradition de Ma\u00eetre Wang.<\/p>\n<p>J&rsquo;ai gard\u00e9 de ce s\u00e9jour une multitude d&rsquo;impressions et de sensations \u00e0 l&rsquo;image du pays et de la situation locale fragment\u00e9e de notre \u00e9cole.<\/p>\n<p>J&rsquo;en reviens avec la conviction que l&rsquo;avenir du Yangjia Michuan Taiji quan est \u00e0 construire dans le respect de chacun et de chaque entit\u00e9 f\u00e9d\u00e9ratrice.<\/p>\n<p>S&rsquo;il en est ainsi, du cr\u00e9puscule d&rsquo;un grand homme, h\u00e9ritier unique d&rsquo;une tradition inestimable, na\u00eetra l&rsquo;aube de la multitude. Et le patrimoine transmis attentivement et m\u00e9ticuleusement par Ma\u00eetre Wang pourra fleurir sous ses plus beaux atours.<\/p>\n<p class=\"centre\">Je garde pr\u00e9cieusement son dernier conseil :<\/p>\n<p class=\"centre\">\u00ab n&rsquo;oublie pas de rester toujours souple et l\u00e9ger (\u00ab\u00a0song\u00a0\u00bb) \u00bb<\/p>\n<p class=\"centre\">(*) du massacre de 30.000 Taiwanais par Chiang Kai-shek<\/p>\n<p>Christian Bernapel, Avril 2006.<\/p>\n<p><img loading=\"lazy\" decoding=\"async\" class=\"wp-image-315 size-full aligncenter\" src=\"https:\/\/taichi-inpact.fr\/wp-content\/uploads\/2019\/05\/photo01.jpg\" alt=\"\" width=\"550\" height=\"413\" srcset=\"https:\/\/taichi-inpact.fr\/wp-content\/uploads\/2019\/05\/photo01.jpg 550w, https:\/\/taichi-inpact.fr\/wp-content\/uploads\/2019\/05\/photo01-300x225.jpg 300w\" sizes=\"auto, (max-width: 550px) 100vw, 550px\" \/><\/p>\n<p><img loading=\"lazy\" decoding=\"async\" class=\"wp-image-316 size-full aligncenter\" src=\"https:\/\/taichi-inpact.fr\/wp-content\/uploads\/2019\/05\/photo02.jpg\" alt=\"\" width=\"550\" height=\"413\" \/><\/p>\n<p><img loading=\"lazy\" decoding=\"async\" class=\"aligncenter size-full wp-image-317\" src=\"https:\/\/taichi-inpact.fr\/wp-content\/uploads\/2019\/05\/photo03.jpg\" alt=\"\" width=\"550\" height=\"413\" srcset=\"https:\/\/taichi-inpact.fr\/wp-content\/uploads\/2019\/05\/photo03.jpg 550w, https:\/\/taichi-inpact.fr\/wp-content\/uploads\/2019\/05\/photo03-300x225.jpg 300w\" sizes=\"auto, (max-width: 550px) 100vw, 550px\" \/><\/p>\n<p><img loading=\"lazy\" decoding=\"async\" class=\"aligncenter size-full wp-image-322\" src=\"https:\/\/taichi-inpact.fr\/wp-content\/uploads\/2019\/05\/photo04.jpg\" alt=\"\" width=\"550\" height=\"413\" srcset=\"https:\/\/taichi-inpact.fr\/wp-content\/uploads\/2019\/05\/photo04.jpg 550w, https:\/\/taichi-inpact.fr\/wp-content\/uploads\/2019\/05\/photo04-300x225.jpg 300w\" sizes=\"auto, (max-width: 550px) 100vw, 550px\" \/><\/p>\n<p><img loading=\"lazy\" decoding=\"async\" class=\"aligncenter size-full wp-image-324\" src=\"https:\/\/taichi-inpact.fr\/wp-content\/uploads\/2019\/05\/photo05.jpg\" alt=\"\" width=\"550\" height=\"413\" srcset=\"https:\/\/taichi-inpact.fr\/wp-content\/uploads\/2019\/05\/photo05.jpg 550w, https:\/\/taichi-inpact.fr\/wp-content\/uploads\/2019\/05\/photo05-300x225.jpg 300w\" sizes=\"auto, (max-width: 550px) 100vw, 550px\" \/><\/p>\n<p><img loading=\"lazy\" decoding=\"async\" class=\"aligncenter size-full wp-image-325\" src=\"https:\/\/taichi-inpact.fr\/wp-content\/uploads\/2019\/05\/photo06.jpg\" alt=\"\" width=\"413\" height=\"550\" srcset=\"https:\/\/taichi-inpact.fr\/wp-content\/uploads\/2019\/05\/photo06.jpg 413w, https:\/\/taichi-inpact.fr\/wp-content\/uploads\/2019\/05\/photo06-225x300.jpg 225w\" sizes=\"auto, (max-width: 413px) 100vw, 413px\" \/><\/p>\n<p><img loading=\"lazy\" decoding=\"async\" class=\"aligncenter size-full wp-image-318\" src=\"https:\/\/taichi-inpact.fr\/wp-content\/uploads\/2019\/05\/photo07.jpg\" alt=\"\" width=\"413\" height=\"550\" srcset=\"https:\/\/taichi-inpact.fr\/wp-content\/uploads\/2019\/05\/photo07.jpg 413w, https:\/\/taichi-inpact.fr\/wp-content\/uploads\/2019\/05\/photo07-225x300.jpg 225w\" sizes=\"auto, (max-width: 413px) 100vw, 413px\" \/><\/p>\n<p><img loading=\"lazy\" decoding=\"async\" class=\"aligncenter size-full wp-image-319\" src=\"https:\/\/taichi-inpact.fr\/wp-content\/uploads\/2019\/05\/photo08.jpg\" alt=\"\" width=\"550\" height=\"413\" srcset=\"https:\/\/taichi-inpact.fr\/wp-content\/uploads\/2019\/05\/photo08.jpg 550w, https:\/\/taichi-inpact.fr\/wp-content\/uploads\/2019\/05\/photo08-300x225.jpg 300w\" sizes=\"auto, (max-width: 550px) 100vw, 550px\" \/><\/p>\n<p><img loading=\"lazy\" decoding=\"async\" class=\"aligncenter size-full wp-image-320\" src=\"https:\/\/taichi-inpact.fr\/wp-content\/uploads\/2019\/05\/photo09.jpg\" alt=\"\" width=\"550\" height=\"413\" srcset=\"https:\/\/taichi-inpact.fr\/wp-content\/uploads\/2019\/05\/photo09.jpg 550w, https:\/\/taichi-inpact.fr\/wp-content\/uploads\/2019\/05\/photo09-300x225.jpg 300w\" sizes=\"auto, (max-width: 550px) 100vw, 550px\" \/><\/p>\n<p><img loading=\"lazy\" decoding=\"async\" class=\"aligncenter size-full wp-image-321\" src=\"https:\/\/taichi-inpact.fr\/wp-content\/uploads\/2019\/05\/photo10.jpg\" alt=\"\" width=\"550\" height=\"413\" srcset=\"https:\/\/taichi-inpact.fr\/wp-content\/uploads\/2019\/05\/photo10.jpg 550w, https:\/\/taichi-inpact.fr\/wp-content\/uploads\/2019\/05\/photo10-300x225.jpg 300w\" sizes=\"auto, (max-width: 550px) 100vw, 550px\" \/><\/p>\n<p><img loading=\"lazy\" decoding=\"async\" class=\"aligncenter size-full wp-image-323\" src=\"https:\/\/taichi-inpact.fr\/wp-content\/uploads\/2019\/05\/photo11.jpg\" alt=\"\" width=\"550\" height=\"413\" srcset=\"https:\/\/taichi-inpact.fr\/wp-content\/uploads\/2019\/05\/photo11.jpg 550w, https:\/\/taichi-inpact.fr\/wp-content\/uploads\/2019\/05\/photo11-300x225.jpg 300w\" sizes=\"auto, (max-width: 550px) 100vw, 550px\" \/><\/p>\n","protected":false},"excerpt":{"rendered":"<p>Et l\u00e0-bas, quelle heure est-il ? Carnet de voyage \u00e0 Taipei \u00ab Nous nous blessons et nous affinons au contact des \u00eatres \u00bb (Tchouang Tseu). Ce mardi 28 f\u00e9vrier, journ\u00e9e nationale du souvenir (*) \u00e0 Taiwan, la pluie n&rsquo;a cess\u00e9 de tomber. Au matin, la derni\u00e8re visite au Ma\u00eetre \u00e9tait toute de douceur, d&rsquo;\u00e9coute, de &hellip; <a href=\"https:\/\/taichi-inpact.fr\/index.php\/moments-vecus\/carnet-de-voyage-a-taipei\/\" class=\"more-link\">Continuer la lecture de <span class=\"screen-reader-text\">Carnet de voyage \u00e0 Taipei<\/span><\/a><\/p>\n","protected":false},"author":1,"featured_media":0,"parent":47,"menu_order":0,"comment_status":"closed","ping_status":"closed","template":"","meta":{"_seopress_robots_primary_cat":"","_seopress_titles_title":"","_seopress_titles_desc":"","_seopress_robots_index":"","_exactmetrics_skip_tracking":false,"_exactmetrics_sitenote_active":false,"_exactmetrics_sitenote_note":"","_exactmetrics_sitenote_category":0,"ngg_post_thumbnail":0,"footnotes":""},"class_list":["post-310","page","type-page","status-publish","hentry"],"_links":{"self":[{"href":"https:\/\/taichi-inpact.fr\/index.php\/wp-json\/wp\/v2\/pages\/310","targetHints":{"allow":["GET"]}}],"collection":[{"href":"https:\/\/taichi-inpact.fr\/index.php\/wp-json\/wp\/v2\/pages"}],"about":[{"href":"https:\/\/taichi-inpact.fr\/index.php\/wp-json\/wp\/v2\/types\/page"}],"author":[{"embeddable":true,"href":"https:\/\/taichi-inpact.fr\/index.php\/wp-json\/wp\/v2\/users\/1"}],"replies":[{"embeddable":true,"href":"https:\/\/taichi-inpact.fr\/index.php\/wp-json\/wp\/v2\/comments?post=310"}],"version-history":[{"count":4,"href":"https:\/\/taichi-inpact.fr\/index.php\/wp-json\/wp\/v2\/pages\/310\/revisions"}],"predecessor-version":[{"id":326,"href":"https:\/\/taichi-inpact.fr\/index.php\/wp-json\/wp\/v2\/pages\/310\/revisions\/326"}],"up":[{"embeddable":true,"href":"https:\/\/taichi-inpact.fr\/index.php\/wp-json\/wp\/v2\/pages\/47"}],"wp:attachment":[{"href":"https:\/\/taichi-inpact.fr\/index.php\/wp-json\/wp\/v2\/media?parent=310"}],"curies":[{"name":"wp","href":"https:\/\/api.w.org\/{rel}","templated":true}]}}