{"id":299,"date":"2019-05-07T11:53:29","date_gmt":"2019-05-07T09:53:29","guid":{"rendered":"https:\/\/taichi-inpact.fr\/?page_id=299"},"modified":"2019-05-07T11:54:03","modified_gmt":"2019-05-07T09:54:03","slug":"le-tigre-est-retourne-a-la-montagne","status":"publish","type":"page","link":"https:\/\/taichi-inpact.fr\/index.php\/moments-vecus\/le-tigre-est-retourne-a-la-montagne\/","title":{"rendered":"Le tigre est retourn\u00e9 \u00e0 la montagne"},"content":{"rendered":"<h2><img loading=\"lazy\" decoding=\"async\" class=\"size-full wp-image-302 aligncenter\" src=\"https:\/\/taichi-inpact.fr\/wp-content\/uploads\/2019\/05\/mwhand.jpg\" alt=\"\" width=\"277\" height=\"207\" \/>Adieu \u00e0 Ma\u00eetre Wang Yen-Nien<\/h2>\n<p class=\"centre\">Je r\u00e9alise la chance d&rsquo;avoir pu partager aux c\u00f4t\u00e9s de Ma\u00eetre Wang ces moments de m\u00e9ditation uniques quelques jours avant son d\u00e9part. J&rsquo;ai d\u00e9cid\u00e9 cette derni\u00e8re visite apr\u00e8s avoir re\u00e7u l&rsquo;information de l&rsquo;aggravation de son \u00e9tat de sant\u00e9 de Lin Chin-tai (George Lin).<\/p>\n<p class=\"centre\">Ma\u00eetre Wang Yen-nien a rejoint le \u00ab Palais des Immortels \u00bb le 4 mai 2008.<\/p>\n<p class=\"centre\">Cette nouvelle suscite en nous une \u00e9motion profonde empreinte \u00e0 la fois de tristesse et de bonheur. Tristesse li\u00e9e \u00e0 la disparition d&rsquo;un \u00ab bienveillant protecteur \u00bb. Bonheur \u00e0 la pens\u00e9e d&rsquo;avoir eu la chance indicible de le rencontrer, de b\u00e9n\u00e9ficier de son enseignement et de pouvoir le transmettre \u00e0 notre tour.<\/p>\n<p class=\"centre\">C&rsquo;est le moment de lui rendre hommage en pens\u00e9e, en m\u00e9ditation, en pri\u00e8re. C&rsquo;est aussi l&rsquo;occasion de comprendre comment et combien il a compt\u00e9 pour chacun de nous et influenc\u00e9 nos choix de vie.<\/p>\n<p class=\"centre\">Ma\u00eetre Wang Yen-nien n&rsquo;a cess\u00e9 de marquer la trace du taiji quan et de la voie tao\u00efste dans nos \u00eatres. De tous ces moments partag\u00e9s avec lui, il est le rep\u00e8re intense d&rsquo;une pratique de vie g\u00e9n\u00e9reuse, joyeuse et puissante \u00e0 travers la mati\u00e8re du Taiji quan du Yangjia Michuan qu&rsquo;il nous a fait aimer et du nei gong qu&rsquo;il nous a transmis comme un tr\u00e9sor inestimable.<\/p>\n<p class=\"centre\">De l&rsquo;enseignement d&rsquo;un seul homme s&rsquo;est ouvert la multitude des enseignants. Au del\u00e0 de la technique, c&rsquo;est sa personnalit\u00e9, son intelligence et ses qualit\u00e9s exceptionnelles qui ont permis cette adh\u00e9sion unique autour du Yangjia Michuan sur tous les continents, rassemblant toutes les identit\u00e9s culturelles. Il a ainsi r\u00e9alis\u00e9 la promesse faite \u00e0 son ma\u00eetre Zhang Qin-lin de consacrer sa vie \u00e0 la transmission de son art. Son \u0153uvre est exceptionnelle et, gr\u00e2ce \u00e0 lui, l&rsquo;histoire du taiji quan porte la marque d&rsquo;un \u00ab grand homme \u00bb. Il y rejoint le titre d&rsquo;immortel !<\/p>\n<p class=\"centre\">A ceux qui n&rsquo;ont pas eu la chance de le rencontrer, nous t\u00e9moignons du rayonnement de son sourire empreint de gravit\u00e9. Visage vivant de son talent in\u00e9gal\u00e9 d&rsquo;enseignant et d&rsquo;homme. Nous lui sommes aussi infiniment reconnaissants pour sa gr\u00e2ce et l&rsquo;attention qu&rsquo;il a port\u00e9 \u00e0 notre \u00e9gard dans tous les pr\u00e9cieux moments que nous avons partag\u00e9 \u00e0 ses c\u00f4t\u00e9s.<\/p>\n<p class=\"centre\">Une page importante de l&rsquo;histoire de notre \u00e9cole se tourne. C&rsquo;est \u00e0 pr\u00e9sent \u00e0 nous tous, conscients de notre multiplicit\u00e9 et de nos compl\u00e9mentarit\u00e9s de porter le patrimoine transmis par Ma\u00eetre Wang Yen-nien vers l&rsquo;avenir dans le respect, le partage et la fraternit\u00e9.<\/p>\n<p class=\"centre\">\u00c0 Strasbourg, le 13 mai 2008,<\/p>\n<p class=\"centre\">Christian Bernapel.<\/p>\n<p class=\"centre plus gras\">\u00ab Le visage&#8230; tourn\u00e9 vers le mur. \u00bb<\/p>\n<p class=\"centre plus gras\"><img loading=\"lazy\" decoding=\"async\" class=\"size-full wp-image-301 aligncenter\" src=\"https:\/\/taichi-inpact.fr\/wp-content\/uploads\/2019\/05\/fleur.jpg\" alt=\"\" width=\"273\" height=\"208\" \/><\/p>\n<p class=\"centre gras\">Les figures produites par le feu spirituel<br \/>\nne sont que des couleurs et des formes vides.<\/p>\n<p class=\"centre gras\">La lumi\u00e8re de la nature renvoie son \u00e9clat sur l\u2019originel,<br \/>\nle v\u00e9ritable.<\/p>\n<p class=\"centre gras\">L\u2019empreinte du c\u0153ur plane dans l\u2019espace,<br \/>\nla clart\u00e9 de la lune luit dans sa puret\u00e9.<\/p>\n<p class=\"centre gras\">La barque de la vie a gagn\u00e9 le rivage,<br \/>\nla lumi\u00e8re du soleil brille \u00e9clatante.<\/p>\n<p class=\"centre\">\u00ab LE SECRET DE LA FLEUR D&rsquo;OR \u00bb<br \/>\nLu Tsou<\/p>\n<p>Dernier chapitre du Wei Ming Ching<br \/>\nLe livre de la Conscience et de la Vie.<\/p>\n","protected":false},"excerpt":{"rendered":"<p>Adieu \u00e0 Ma\u00eetre Wang Yen-Nien Je r\u00e9alise la chance d&rsquo;avoir pu partager aux c\u00f4t\u00e9s de Ma\u00eetre Wang ces moments de m\u00e9ditation uniques quelques jours avant son d\u00e9part. J&rsquo;ai d\u00e9cid\u00e9 cette derni\u00e8re visite apr\u00e8s avoir re\u00e7u l&rsquo;information de l&rsquo;aggravation de son \u00e9tat de sant\u00e9 de Lin Chin-tai (George Lin). Ma\u00eetre Wang Yen-nien a rejoint le \u00ab &hellip; <a href=\"https:\/\/taichi-inpact.fr\/index.php\/moments-vecus\/le-tigre-est-retourne-a-la-montagne\/\" class=\"more-link\">Continuer la lecture de <span class=\"screen-reader-text\">Le tigre est retourn\u00e9 \u00e0 la montagne<\/span><\/a><\/p>\n","protected":false},"author":1,"featured_media":0,"parent":47,"menu_order":0,"comment_status":"closed","ping_status":"closed","template":"","meta":{"_seopress_robots_primary_cat":"","_seopress_titles_title":"","_seopress_titles_desc":"","_seopress_robots_index":"","_exactmetrics_skip_tracking":false,"_exactmetrics_sitenote_active":false,"_exactmetrics_sitenote_note":"","_exactmetrics_sitenote_category":0,"ngg_post_thumbnail":0,"footnotes":""},"class_list":["post-299","page","type-page","status-publish","hentry"],"_links":{"self":[{"href":"https:\/\/taichi-inpact.fr\/index.php\/wp-json\/wp\/v2\/pages\/299","targetHints":{"allow":["GET"]}}],"collection":[{"href":"https:\/\/taichi-inpact.fr\/index.php\/wp-json\/wp\/v2\/pages"}],"about":[{"href":"https:\/\/taichi-inpact.fr\/index.php\/wp-json\/wp\/v2\/types\/page"}],"author":[{"embeddable":true,"href":"https:\/\/taichi-inpact.fr\/index.php\/wp-json\/wp\/v2\/users\/1"}],"replies":[{"embeddable":true,"href":"https:\/\/taichi-inpact.fr\/index.php\/wp-json\/wp\/v2\/comments?post=299"}],"version-history":[{"count":6,"href":"https:\/\/taichi-inpact.fr\/index.php\/wp-json\/wp\/v2\/pages\/299\/revisions"}],"predecessor-version":[{"id":307,"href":"https:\/\/taichi-inpact.fr\/index.php\/wp-json\/wp\/v2\/pages\/299\/revisions\/307"}],"up":[{"embeddable":true,"href":"https:\/\/taichi-inpact.fr\/index.php\/wp-json\/wp\/v2\/pages\/47"}],"wp:attachment":[{"href":"https:\/\/taichi-inpact.fr\/index.php\/wp-json\/wp\/v2\/media?parent=299"}],"curies":[{"name":"wp","href":"https:\/\/api.w.org\/{rel}","templated":true}]}}

Le tigre est retourné à la montagne

<h2><img loading="lazy" decoding="async" class="size-full wp-image-302 aligncenter" src="https://taichi-inpact.fr/wp-content/uploads/2019/05/mwhand.jpg" alt="" width="277" height="207" />Adieu à Maître Wang Yen-Nien</h2>
<p class="centre">Je réalise la chance d&rsquo;avoir pu partager aux côtés de Maître Wang ces moments de méditation uniques quelques jours avant son départ. J&rsquo;ai décidé cette dernière visite après avoir reçu l&rsquo;information de l&rsquo;aggravation de son état de santé de Lin Chin-tai (George Lin).</p>
<p class="centre">Maître Wang Yen-nien a rejoint le « Palais des Immortels » le 4 mai 2008.</p>
<p class="centre">Cette nouvelle suscite en nous une émotion profonde empreinte à la fois de tristesse et de bonheur. Tristesse liée à la disparition d&rsquo;un « bienveillant protecteur ». Bonheur à la pensée d&rsquo;avoir eu la chance indicible de le rencontrer, de bénéficier de son enseignement et de pouvoir le transmettre à notre tour.</p>
<p class="centre">C&rsquo;est le moment de lui rendre hommage en pensée, en méditation, en prière. C&rsquo;est aussi l&rsquo;occasion de comprendre comment et combien il a compté pour chacun de nous et influencé nos choix de vie.</p>
<p class="centre">Maître Wang Yen-nien n&rsquo;a cessé de marquer la trace du taiji quan et de la voie taoïste dans nos êtres. De tous ces moments partagés avec lui, il est le repère intense d&rsquo;une pratique de vie généreuse, joyeuse et puissante à travers la matière du Taiji quan du Yangjia Michuan qu&rsquo;il nous a fait aimer et du nei gong qu&rsquo;il nous a transmis comme un trésor inestimable.</p>
<p class="centre">De l&rsquo;enseignement d&rsquo;un seul homme s&rsquo;est ouvert la multitude des enseignants. Au delà de la technique, c&rsquo;est sa personnalité, son intelligence et ses qualités exceptionnelles qui ont permis cette adhésion unique autour du Yangjia Michuan sur tous les continents, rassemblant toutes les identités culturelles. Il a ainsi réalisé la promesse faite à son maître Zhang Qin-lin de consacrer sa vie à la transmission de son art. Son œuvre est exceptionnelle et, grâce à lui, l&rsquo;histoire du taiji quan porte la marque d&rsquo;un « grand homme ». Il y rejoint le titre d&rsquo;immortel !</p>
<p class="centre">A ceux qui n&rsquo;ont pas eu la chance de le rencontrer, nous témoignons du rayonnement de son sourire empreint de gravité. Visage vivant de son talent inégalé d&rsquo;enseignant et d&rsquo;homme. Nous lui sommes aussi infiniment reconnaissants pour sa grâce et l&rsquo;attention qu&rsquo;il a porté à notre égard dans tous les précieux moments que nous avons partagé à ses côtés.</p>
<p class="centre">Une page importante de l&rsquo;histoire de notre école se tourne. C&rsquo;est à présent à nous tous, conscients de notre multiplicité et de nos complémentarités de porter le patrimoine transmis par Maître Wang Yen-nien vers l&rsquo;avenir dans le respect, le partage et la fraternité.</p>
<p class="centre">À Strasbourg, le 13 mai 2008,</p>
<p class="centre">Christian Bernapel.</p>
<p class="centre plus gras">« Le visage&#8230; tourné vers le mur. »</p>
<p class="centre plus gras"><img loading="lazy" decoding="async" class="size-full wp-image-301 aligncenter" src="https://taichi-inpact.fr/wp-content/uploads/2019/05/fleur.jpg" alt="" width="273" height="208" /></p>
<p class="centre gras">Les figures produites par le feu spirituel<br />
ne sont que des couleurs et des formes vides.</p>
<p class="centre gras">La lumière de la nature renvoie son éclat sur l’originel,<br />
le véritable.</p>
<p class="centre gras">L’empreinte du cœur plane dans l’espace,<br />
la clarté de la lune luit dans sa pureté.</p>
<p class="centre gras">La barque de la vie a gagné le rivage,<br />
la lumière du soleil brille éclatante.</p>
<p class="centre">« LE SECRET DE LA FLEUR D&rsquo;OR »<br />
Lu Tsou</p>
<p>Dernier chapitre du Wei Ming Ching<br />
Le livre de la Conscience et de la Vie.</p>

<p>Adieu à Maître Wang Yen-Nien Je réalise la chance d&rsquo;avoir pu partager aux côtés de Maître Wang ces moments de méditation uniques quelques jours avant son départ. J&rsquo;ai décidé cette dernière visite après avoir reçu l&rsquo;information de l&rsquo;aggravation de son état de santé de Lin Chin-tai (George Lin). Maître Wang Yen-nien a rejoint le « &hellip; <a href="https://taichi-inpact.fr/index.php/moments-vecus/le-tigre-est-retourne-a-la-montagne/" class="more-link">Continuer la lecture de <span class="screen-reader-text">Le tigre est retourné à la montagne</span></a></p>
